{"id":671,"date":"2022-12-22T15:29:38","date_gmt":"2022-12-22T15:29:38","guid":{"rendered":"https:\/\/eagricola.com.br\/es\/?post_type=product&#038;p=671"},"modified":"2023-04-24T23:08:48","modified_gmt":"2023-04-24T23:08:48","slug":"terras-l-subsolador-leve","status":"publish","type":"product","link":"https:\/\/eagricola.com.br\/es\/produto\/terras-l-subsolador-leve\/","title":{"rendered":"Terras L &#8211; Subsolador Leve"},"content":{"rendered":"<p>A utiliza\u00e7\u00e3o do Subsolador Terras L \u00e9 uma pr\u00e1tica que consiste na mobiliza\u00e7\u00e3o sub-superficial do solo com o objetivo de quebrar as camadas compactadas ou adensadas do solo. O Terras L \u00e9 um implemento agr\u00edcola provido de hastes que s\u00e3o respons\u00e1veis pela quebra da camada compactada, o qual \u00e9 indicado a trabalhar com uma profundidade de at\u00e9 450mm, utlizado geralmente nas lavouras de cereais. Seu acoplamento \u00e9 atrav\u00e9s dos tr\u00eas pontos do trator ou da barra de tra\u00e7\u00e3o;<\/p>\n<p>&#8211; Conjunto de disco de corte na medida de 18\u201d com dupla veda\u00e7\u00e3o para evitar a entrada de impurezas no cubo;<\/p>\n<p>&#8211; Rolo destorroador com \u00e2ngulo de ataque, onde as barras do rolo s\u00e3o inclinadas e chatas, com isso aumenta o destorroamento com um \u00f3timo nivelamento do solo, podendo ser articulado para efetuar o transporte do implemento;<\/p>\n<p>&#8211; Os Tubos utilizados na estrutura do equipamento s\u00e3o de perfis quadrados, prontos de f\u00e1brica, oferecendo assim maior precis\u00e3o e resist\u00eancia; &#8211; Rodado mancalizado em technil, com bucha \u00fanica, garantindo quando necess\u00e1rio apenas a troca do mesmo (Bucha Technil); &#8211; Conjunto de hastes autom\u00e1tico, onde o desarme \u00e9 feito atrav\u00e9s de mola El\u00edptica ou Mola Helicoidal, que garante de forma segura e eficiente o desarme das hastes quando encontrado algum obst\u00e1culo durante a opera\u00e7\u00e3o, o sistema rearma autom\u00e1ticamente com simples levantamento do implemento.Conjunto do Rodado oferece benef\u00edcio com dupla fun\u00e7\u00e3o, sendo a regulagem de profundidade das hastes e a locomo\u00e7\u00e3o do subsolador.<\/p>\n","protected":false},"excerpt":{"rendered":"<p>A utiliza\u00e7\u00e3o do Subsolador Terras L \u00e9 uma pr\u00e1tica que consiste na mobiliza\u00e7\u00e3o sub-superficial do solo com o objetivo de quebrar as camadas compactadas ou adensadas do solo. O Terras L \u00e9 um implemento agr\u00edcola provido de hastes que s\u00e3o respons\u00e1veis pela quebra da camada compactada, o qual \u00e9 indicado a trabalhar com uma profundidade &hellip;<\/p>\n<p class=\"read-more\"> <a class=\"\" href=\"https:\/\/eagricola.com.br\/es\/produto\/terras-l-subsolador-leve\/\"> <span class=\"screen-reader-text\">Terras L &#8211; Subsolador Leve<\/span> Leer m\u00e1s &raquo;<\/a><\/p>\n","protected":false},"featured_media":1182,"comment_status":"open","ping_status":"closed","template":"","meta":{"_acf_changed":false,"site-sidebar-layout":"default","site-content-layout":"default","ast-global-header-display":"","ast-main-header-display":"","ast-hfb-above-header-display":"","ast-hfb-below-header-display":"","ast-hfb-mobile-header-display":"","site-post-title":"","ast-breadcrumbs-content":"","ast-featured-img":"","footer-sml-layout":"","theme-transparent-header-meta":"default","adv-header-id-meta":"","stick-header-meta":"","header-above-stick-meta":"","header-main-stick-meta":"","header-below-stick-meta":"","_joinchat":[]},"product_brand":[],"product_cat":[32,44],"product_tag":[],"class_list":{"0":"post-671","1":"product","2":"type-product","3":"status-publish","4":"has-post-thumbnail","6":"product_cat-escarificador-subsolador","7":"product_cat-subsoladores","9":"first","10":"instock","11":"shipping-taxable","12":"product-type-simple"},"acf":[],"_links":{"self":[{"href":"https:\/\/eagricola.com.br\/es\/wp-json\/wp\/v2\/product\/671","targetHints":{"allow":["GET"]}}],"collection":[{"href":"https:\/\/eagricola.com.br\/es\/wp-json\/wp\/v2\/product"}],"about":[{"href":"https:\/\/eagricola.com.br\/es\/wp-json\/wp\/v2\/types\/product"}],"replies":[{"embeddable":true,"href":"https:\/\/eagricola.com.br\/es\/wp-json\/wp\/v2\/comments?post=671"}],"wp:featuredmedia":[{"embeddable":true,"href":"https:\/\/eagricola.com.br\/es\/wp-json\/wp\/v2\/media\/1182"}],"wp:attachment":[{"href":"https:\/\/eagricola.com.br\/es\/wp-json\/wp\/v2\/media?parent=671"}],"wp:term":[{"taxonomy":"product_brand","embeddable":true,"href":"https:\/\/eagricola.com.br\/es\/wp-json\/wp\/v2\/product_brand?post=671"},{"taxonomy":"product_cat","embeddable":true,"href":"https:\/\/eagricola.com.br\/es\/wp-json\/wp\/v2\/product_cat?post=671"},{"taxonomy":"product_tag","embeddable":true,"href":"https:\/\/eagricola.com.br\/es\/wp-json\/wp\/v2\/product_tag?post=671"}],"curies":[{"name":"wp","href":"https:\/\/api.w.org\/{rel}","templated":true}]}}

<p>A utilização do Subsolador Terras L é uma prática que consiste na mobilização sub-superficial do solo com o objetivo de quebrar as camadas compactadas ou adensadas do solo. O Terras L é um implemento agrícola provido de hastes que são responsáveis pela quebra da camada compactada, o qual é indicado a trabalhar com uma profundidade de até 450mm, utlizado geralmente nas lavouras de cereais. Seu acoplamento é através dos três pontos do trator ou da barra de tração;</p>
<p>&#8211; Conjunto de disco de corte na medida de 18” com dupla vedação para evitar a entrada de impurezas no cubo;</p>
<p>&#8211; Rolo destorroador com ângulo de ataque, onde as barras do rolo são inclinadas e chatas, com isso aumenta o destorroamento com um ótimo nivelamento do solo, podendo ser articulado para efetuar o transporte do implemento;</p>
<p>&#8211; Os Tubos utilizados na estrutura do equipamento são de perfis quadrados, prontos de fábrica, oferecendo assim maior precisão e resistência; &#8211; Rodado mancalizado em technil, com bucha única, garantindo quando necessário apenas a troca do mesmo (Bucha Technil); &#8211; Conjunto de hastes automático, onde o desarme é feito através de mola Elíptica ou Mola Helicoidal, que garante de forma segura e eficiente o desarme das hastes quando encontrado algum obstáculo durante a operação, o sistema rearma automáticamente com simples levantamento do implemento.Conjunto do Rodado oferece benefício com dupla função, sendo a regulagem de profundidade das hastes e a locomoção do subsolador.</p>

<p>A utilização do Subsolador Terras L é uma prática que consiste na mobilização sub-superficial do solo com o objetivo de quebrar as camadas compactadas ou adensadas do solo. O Terras L é um implemento agrícola provido de hastes que são responsáveis pela quebra da camada compactada, o qual é indicado a trabalhar com uma profundidade &hellip;</p>
<p class="read-more"> <a class="" href="https://eagricola.com.br/es/produto/terras-l-subsolador-leve/"> <span class="screen-reader-text">Terras L &#8211; Subsolador Leve</span> Leer más &raquo;</a></p>
