{"id":660,"date":"2022-12-22T15:23:02","date_gmt":"2022-12-22T15:23:02","guid":{"rendered":"https:\/\/eagricola.com.br\/en\/?post_type=product&#038;p=660"},"modified":"2023-04-24T23:02:40","modified_gmt":"2023-04-24T23:02:40","slug":"terras-fc-subsolador-florestal-compacto","status":"publish","type":"product","link":"https:\/\/eagricola.com.br\/en\/produto\/terras-fc-subsolador-florestal-compacto\/","title":{"rendered":"Terras FC &#8211; Subsolador Florestal Compacto"},"content":{"rendered":"<p><b>Conjunto da Haste:<\/b><\/p>\n<p>&#8211; Haste (1.300 mm) com regulagem dupla de altura com desarme Hidr\u00e1ulico e retorno autom\u00e1tico.<br \/>\n&#8211; Profundidade de trabalho 60, 65, 70 e 75cm, regul\u00e1veis atrav\u00e9s de batente mec\u00e2nico no bra\u00e7o do rodado.<\/p>\n<p><b>Conjunto do rodado:<\/b><\/p>\n<p>&#8211; Eixo de articula\u00e7\u00e3o atrav\u00e9s de cilindros e mancais. &#8211; Bra\u00e7os de jun\u00e7\u00e3o com travas longitudinais. &#8211; Pneus maci\u00e7os.<\/p>\n<p><b>Cabe\u00e7alho:<\/b><\/p>\n<p>&#8211; Super refor\u00e7ado, regul\u00e1vel atrav\u00e9s de fuso mec\u00e2nico com pinos de articula\u00e7\u00e3o. &#8211; Munh\u00e3o de jun\u00e7\u00e3o ao trator super refor\u00e7ado e olhais nas duas laterais para fixa\u00e7\u00e3o, atrav\u00e9s de correntes de seguran\u00e7a. &#8211; Disco de corte: &#8211; Disco de corte com tr\u00eas regulagens de profundidade. &#8211; Mancal. &#8211; Limpa trilho: &#8211; Super refor\u00e7ado fixo ao chassi e posicionado na lateral da Haste. &#8211; Com profundidade de trabalho regul\u00e1vel.<\/p>\n<p><b>Chassi:<\/b>\u00a0&#8211; Estrutura super refor\u00e7ada, atrav\u00e9s de vigas estruturais sem redu\u00e7\u00e3o: &#8211; Pontos de jun\u00e7\u00e3o estruturais entrela\u00e7ados, com refor\u00e7os e complementos para melhor conforma\u00e7\u00e3o de solda. &#8211; Conjunto de discos: &#8211; Composto de tr\u00eas s\u00e9ries de discos. &#8211; Bra\u00e7os de articula\u00e7\u00e3o da grade pantogr\u00e1ficos. &#8211; Estrutura da grade super refor\u00e7ada.<\/p>\n<p><b>Rolo Marcador:<\/b><\/p>\n<p>&#8211; Articulado para acompanhamento das declividades e ondula\u00e7\u00f5es do solo. &#8211; Articul\u00e1vel sobre a grade para redu\u00e7\u00e3o do comprimento do conjunto em transporte. &#8211; Limitador de profundidade mec\u00e2nico, sem uso de correntes. &#8211; Tanque para aditivos fluidos: &#8211; Tanque espec\u00edfico para aplica\u00e7\u00e3o de compostos com capacidade de 600L. &#8211; Bomba el\u00e9trica com vaz\u00e3o de 22 l\/min.<\/p>\n<p><b>Plataforma de abastecimento:<\/b><\/p>\n<p>&#8211; Com guarda corpo com 1,2 m de altura. &#8211; Caixa de ferramentas sobre a plataforma.Dois corotes de \u00e1gua para limpeza das m\u00e3os, um sobre a plataforma e outro sobre o chassi. &#8211; Guardas corpos aparafusados \u00e0 plataforma e de f\u00e1cil manuten\u00e7\u00e3o \/ substitui\u00e7\u00e3o. &#8211; Escada bipartida articul\u00e1vel com degraus.<\/p>\n","protected":false},"excerpt":{"rendered":"<p>Conjunto da Haste: &#8211; Haste (1.300 mm) com regulagem dupla de altura com desarme Hidr\u00e1ulico e retorno autom\u00e1tico. &#8211; Profundidade de trabalho 60, 65, 70 e 75cm, regul\u00e1veis atrav\u00e9s de batente mec\u00e2nico no bra\u00e7o do rodado. Conjunto do rodado: &#8211; Eixo de articula\u00e7\u00e3o atrav\u00e9s de cilindros e mancais. &#8211; Bra\u00e7os de jun\u00e7\u00e3o com travas longitudinais. &hellip;<\/p>\n<p class=\"read-more\"> <a class=\"\" href=\"https:\/\/eagricola.com.br\/en\/produto\/terras-fc-subsolador-florestal-compacto\/\"> <span class=\"screen-reader-text\">Terras FC &#8211; Subsolador Florestal Compacto<\/span> Read More &raquo;<\/a><\/p>\n","protected":false},"featured_media":1138,"comment_status":"open","ping_status":"closed","template":"","meta":{"_acf_changed":false,"site-sidebar-layout":"default","site-content-layout":"default","ast-global-header-display":"","ast-main-header-display":"","ast-hfb-above-header-display":"","ast-hfb-below-header-display":"","ast-hfb-mobile-header-display":"","site-post-title":"","ast-breadcrumbs-content":"","ast-featured-img":"","footer-sml-layout":"","theme-transparent-header-meta":"default","adv-header-id-meta":"","stick-header-meta":"","header-above-stick-meta":"","header-main-stick-meta":"","header-below-stick-meta":"","_joinchat":[]},"product_brand":[],"product_cat":[27],"product_tag":[],"class_list":{"0":"post-660","1":"product","2":"type-product","3":"status-publish","4":"has-post-thumbnail","6":"product_cat-linha-florestal","8":"first","9":"instock","10":"shipping-taxable","11":"product-type-simple"},"acf":[],"_links":{"self":[{"href":"https:\/\/eagricola.com.br\/en\/wp-json\/wp\/v2\/product\/660","targetHints":{"allow":["GET"]}}],"collection":[{"href":"https:\/\/eagricola.com.br\/en\/wp-json\/wp\/v2\/product"}],"about":[{"href":"https:\/\/eagricola.com.br\/en\/wp-json\/wp\/v2\/types\/product"}],"replies":[{"embeddable":true,"href":"https:\/\/eagricola.com.br\/en\/wp-json\/wp\/v2\/comments?post=660"}],"wp:featuredmedia":[{"embeddable":true,"href":"https:\/\/eagricola.com.br\/en\/wp-json\/wp\/v2\/media\/1138"}],"wp:attachment":[{"href":"https:\/\/eagricola.com.br\/en\/wp-json\/wp\/v2\/media?parent=660"}],"wp:term":[{"taxonomy":"product_brand","embeddable":true,"href":"https:\/\/eagricola.com.br\/en\/wp-json\/wp\/v2\/product_brand?post=660"},{"taxonomy":"product_cat","embeddable":true,"href":"https:\/\/eagricola.com.br\/en\/wp-json\/wp\/v2\/product_cat?post=660"},{"taxonomy":"product_tag","embeddable":true,"href":"https:\/\/eagricola.com.br\/en\/wp-json\/wp\/v2\/product_tag?post=660"}],"curies":[{"name":"wp","href":"https:\/\/api.w.org\/{rel}","templated":true}]}}

<p><b>Conjunto da Haste:</b></p>
<p>&#8211; Haste (1.300 mm) com regulagem dupla de altura com desarme Hidráulico e retorno automático.<br />
&#8211; Profundidade de trabalho 60, 65, 70 e 75cm, reguláveis através de batente mecânico no braço do rodado.</p>
<p><b>Conjunto do rodado:</b></p>
<p>&#8211; Eixo de articulação através de cilindros e mancais. &#8211; Braços de junção com travas longitudinais. &#8211; Pneus maciços.</p>
<p><b>Cabeçalho:</b></p>
<p>&#8211; Super reforçado, regulável através de fuso mecânico com pinos de articulação. &#8211; Munhão de junção ao trator super reforçado e olhais nas duas laterais para fixação, através de correntes de segurança. &#8211; Disco de corte: &#8211; Disco de corte com três regulagens de profundidade. &#8211; Mancal. &#8211; Limpa trilho: &#8211; Super reforçado fixo ao chassi e posicionado na lateral da Haste. &#8211; Com profundidade de trabalho regulável.</p>
<p><b>Chassi:</b> &#8211; Estrutura super reforçada, através de vigas estruturais sem redução: &#8211; Pontos de junção estruturais entrelaçados, com reforços e complementos para melhor conformação de solda. &#8211; Conjunto de discos: &#8211; Composto de três séries de discos. &#8211; Braços de articulação da grade pantográficos. &#8211; Estrutura da grade super reforçada.</p>
<p><b>Rolo Marcador:</b></p>
<p>&#8211; Articulado para acompanhamento das declividades e ondulações do solo. &#8211; Articulável sobre a grade para redução do comprimento do conjunto em transporte. &#8211; Limitador de profundidade mecânico, sem uso de correntes. &#8211; Tanque para aditivos fluidos: &#8211; Tanque específico para aplicação de compostos com capacidade de 600L. &#8211; Bomba elétrica com vazão de 22 l/min.</p>
<p><b>Plataforma de abastecimento:</b></p>
<p>&#8211; Com guarda corpo com 1,2 m de altura. &#8211; Caixa de ferramentas sobre a plataforma.Dois corotes de água para limpeza das mãos, um sobre a plataforma e outro sobre o chassi. &#8211; Guardas corpos aparafusados à plataforma e de fácil manutenção / substituição. &#8211; Escada bipartida articulável com degraus.</p>

<p>Conjunto da Haste: &#8211; Haste (1.300 mm) com regulagem dupla de altura com desarme Hidráulico e retorno automático. &#8211; Profundidade de trabalho 60, 65, 70 e 75cm, reguláveis através de batente mecânico no braço do rodado. Conjunto do rodado: &#8211; Eixo de articulação através de cilindros e mancais. &#8211; Braços de junção com travas longitudinais. &hellip;</p>
<p class="read-more"> <a class="" href="https://eagricola.com.br/en/produto/terras-fc-subsolador-florestal-compacto/"> <span class="screen-reader-text">Terras FC &#8211; Subsolador Florestal Compacto</span> Read More &raquo;</a></p>
